sor of 1593 and 2242.
59
Calculate the highest common factor of 195 and 345.
15
Calculate the greatest common divisor of 32760 and 1080.
360
What is the greatest common divisor of 8307 and 39?
39
What is the greatest common factor of 9347 and 39?
13
Calculate the greatest common divisor of 52 and 260.
52
Calculate the greatest common divisor of 6604 and 104.
52
Calculate the greatest common divisor of 330 and 66.
66
What is the greatest common divisor of 320 and 2140?
20
What is the highest common factor of 66 and 726?
66
What is the greatest common divisor of 39 and 33501?
39
What is the greatest common divisor of 9804 and 24?
12
Calculate the highest common factor of 28 and 427.
7
Calculate the greatest common factor of 17063 and 113.
113
Calculate the highest common factor of 23 and 46621.
23
What is the greatest common divisor of 27216 and 84?
84
Calculate the highest common divisor of 7840 and 588.
196
What is the highest common divisor of 65 and 20?
5
What is the highest common divisor of 343 and 98?
49
Calculate the highest common divisor of 5 and 1205.
5
Calculate the highest common divisor of 1232 and 49.
7
What is the highest common factor of 90 and 24?
6
Calculate the greatest common divisor of 10 and 70.
10
What is the highest common divisor of 34 and 4?
2
Calculate the highest common divisor of 387 and 559.
43
Calculate the highest common divisor of 140 and 224.
28
What is the highest common factor of 198 and 110?
22
Calculate the highest common factor of 25 and 500.
25
What is the greatest common divisor of 35 and 2485?
35
Calculate the greatest common divisor of 649 and 1593.
59
Calculate the highest common divisor of 62667 and 297.
297
What is the greatest common divisor of 102 and 18?
6
Calculate the greatest common factor of 918 and 34.
34
What is the greatest common divisor of 368 and 4600?
184
Calculate the greatest common divisor of 12 and 3810.
6
What is the greatest common factor of 19 and 9481?
19
What is the highest common divisor of 36 and 27?
9
Calculate the greatest common divisor of 2 and 194.
2
Calculate the greatest common divisor of 455 and 140.
35
Calculate the greatest common divisor of 48 and 112.
16
What is the highest common divisor of 90 and 153?
9
What is the highest common divisor of 400 and 96?
16
Calculate the highest common factor of 488 and 8.
8
Calculate the greatest common divisor of 475 and 125.
25
Calculate the highest common divisor of 36 and 909.
9
Calculate the highest common divisor of 102 and 68.
34
Calculate the greatest common divisor of 1083 and 21.
3
Calculate the highest common factor of 2911 and 123.
41
What is the greatest common factor of 294 and 126?
42
Calculate the highest common divisor of 57 and 57.
57
What is the highest common factor of 112 and 208?
16
What is the highest common factor of 1111 and 11?
11
What is the highest common factor of 7436 and 132?
44
What is the highest common factor of 1314 and 1606?
146
What is the greatest common divisor of 54 and 1371?
3
Calculate the greatest common factor of 262 and 29737.
131
What is the highest common divisor of 1416 and 48?
24
What is the highest common divisor of 124 and 88?
4
Calculate the greatest common divisor of 396 and 36.
36
What is the greatest common factor of 4356 and 44?
44
Calculate the highest common divisor of 725 and 493.
29
Calculate the highest common factor of 19 and 4617.
19
Calculate the highest common factor of 8386 and 56.
14
What is the highest common divisor of 31616 and 32?
32
What is the highest common divisor of 138 and 207?
69
What is the highest common divisor of 35 and 15995?
35
Calculate the highest common divisor of 46 and 230.
46
Calculate the greatest common factor of 2575 and 103.
103
What is the highest common factor of 522 and 2552?
58
Calculate the highest common divisor of 45 and 1920.
15
Calculate the highest common factor of 42 and 84.
42
What is the highest common factor of 2822 and 136?
34
Calculate the greatest common divisor of 37 and 592.
37
Calculate the greatest common divisor of 259 and 74.
37
What is the greatest common divisor of 18668 and 104?
52
What is the greatest common factor of 155 and 5549?
31
What is the greatest common divisor of 7911 and 54?
27
Calculate the greatest common factor of 6518 and 2.
2
What is the greatest common divisor of 221 and 85?
17
What is the greatest common divisor of 147 and 105?
21
What is the highest common factor of 50 and 1425?
25
Calculate the greatest common divisor of 110 and 35.
5
Calculate the highest common divisor of 363 and 264.
33
Calculate the greatest common factor of 576 and 11088.
144
Calculate the greatest common factor of 67 and 80467.
67
What is the greatest common factor of 10 and 1260?
10
What is the highest common divisor of 20 and 625?
5
What is the highest common factor of 49 and 3577?
49
What is the greatest common divisor of 48 and 112?
16
What is the greatest common divisor of 3 and 9897?
3
What is the greatest common factor of 230 and 10?
10
Calculate the greatest common divisor of 12 and 340.
4
Calculate the greatest common factor of 42 and 406.
14
What is the highest common factor of 1243 and 4181?
113
What is the greatest common factor of 102 and 1071?
51
Calculate the highest common divisor of 258 and 5504.
86
Calculate the greatest common divisor of 24 and 8916.
12
Calculate the highest common divisor of 168 and 8340.
12
Calculate the highest common divisor of 804 and 84.
12
What is the highest common divisor of 518 and 28?
14
What is the highest common divisor of 66 and 165?
33
Calculate the greatest common divisor of 16 and 144.
16
Calculate the greatest common divisor of 78 and 24.
6
What is the greatest common factor of 28 and 21?
7
Calculate the greatest common divisor of 65 and 325.
65
What is the highest common divisor of 112 and 98?
14
What is the greatest common divisor of 10 and 145?
5
Calculate the highest common factor of 108 and 4428.
108
What is the highest common factor of 164 and 82?
82
What is the greatest common factor of 260 and 52?
52
Calculate the greatest common factor of 23 and 15663.
23
What is the greatest common factor of 4141 and 41?
41
Calculate the greatest common divisor of 14 and 553.
7
What is the greatest common divisor of 114 and 8607?
57
What is the greatest common divisor of 120 and 160?
40
What is the highest common factor of 658 and 56?
14
Calculate the highest common factor of 396 and 72.
36
Calculate the highest common factor of 6 and 26.
2
Calculate the highest common factor of 1173 and 289.
17
What is the greatest common factor of 34 and 272?
34
Calculate the greatest common factor of 51 and 187.
17
What is the greatest common divisor of 136 and 238?
34
What is the highest common factor of 1027 and 13?
13
What is the highest common factor of 100 and 2740?
20
Calculate the highest common divisor of 42 and 147.
21
Calculate the greatest common factor of 77 and 14.
7
What is the highest common divisor of 32 and 404?
4
What is the greatest common factor of 10 and 430?
10
What is the greatest common factor of 564 and 132?
12
Calculate the greatest common divisor of 18096 and 1456.
208
What is the highest common factor of 5250 and 70?
70
Calculate the greatest common factor of 1400 and 75.
25
What is the highest common factor of 798 and 76?
38
Calculate the greatest common factor of 3 and 6.
3
What is the highest common divisor of 510 and 30?
30
Calculate the greatest common factor of 15 and 81.
3
What is the greatest common divisor of 800 and 1000?
200
What is the highest common factor of 66 and 48?
6
Calculate the highest common divisor of 3633 and 5536.
173
Calculate the greatest common divisor of 200 and 5300.
100
What is the highest common divisor of 437 and 1425?
19
What is the greatest common divisor of 13 and 4914?
13
Calculate the highest common divisor of 721 and 618.
103
Calculate the greatest common factor of 264 and 440.
88
What is the greatest common factor of 30 and 96?
6
What is the greatest common divisor of 5491 and 3757?
289
Calculate the highest common divisor of 168 and 776.
8
What is the highest common divisor of 17364 and 12?
12
What is the highest common factor of 84 and 6258?
42
Calculate the greatest common factor of 174 and 6148.
58
What is the